nits digit of a?
1
Suppose 0*a + a - 51 = -5*f, 5*f - 45 = 5*a. Suppose f*p = 6*p - 8. Let n = 19 + p. What is the tens digit of n?
1
Let u be -1*(-2 - -3) - 7. What is the tens digit of (-12)/u + 2/4*143?
7
Let m = 5873 + -3395. What is the units digit of m?
8
Let z(b) = 19*b**2 - 5*b - 6. What is the units digit of z(-5)?
4
Suppose 3*v - 1261 = -139. What is the units digit of v?
4
Suppose 0 = -2*l + 7 - 3. Suppose -g - l = -5*s + 11, 0 = 3*s - 4*g - 1. What is the units digit of s?
3
Let y(g) = -158*g + 13. What is the units digit of y(-2)?
9
Let v = 733 + -376. Let t = v + -196. What is the hundreds digit of t?
1
Suppose -q + 3*q - 10 = -h, -2*q = -4*h + 20. Suppose 0 = -z + 4*z - h. What is the units digit of 2 - (1 + (z - 2))?
1
Suppose 63*r = 322293 - 29595. What is the units digit of r?
6
Suppose 0 = 4*w + 12, 11*g = 16*g - 2*w - 6726. What is the hundreds digit of g?
3
What is the thousands digit of (-2 - (-196)/5)/((-2)/(-95))?
1
Let q(w) = -w**3 - 2*w**2 + w - 4. Let f be q(-3). Let i be 1/(f*4/32). Suppose -4*u + 87 = -5*g, i*g = 4*u - u - 64. What is the tens digit of u?
2
Suppose 14*l = 2 - 2. Suppose 2*q - 160 = -l. What is the units digit of q?
0
Suppose 36*i - 126383 = -11*i. What is the tens digit of i?
8
Suppose -5*x - 2 + 17 = 5*d, 0 = -4*x - 5*d + 13. Suppose j = 6*n - 5*n - 25, 50 = x*n - 5*j. What is the units digit of n?
5
Let q(n) be the first derivative of 25*n**3/3 - 1. Suppose 0 = -4*y - 3*z + 11, -2*z = -5*y - 3*z. What is the units digit of q(y)?
5
Suppose 572*y + 17430 = 579*y. What is the hundreds digit of y?
4
Let b(v) be the second derivative of v**4/12 - v**3 - 2*v**2 + 2*v. Let q be b(4). What is the tens digit of (q/(-18))/((-2)/(-171))?
5
Let j = 88 - 85. Suppose j*s + 64 - 205 = 0. What is the tens digit of s?
4
Let s = -57 + 183. Suppose c + c = s. What is the tens digit of c?
6
Let p = -7 + -3. Let r be 5/(p/6)*-18. What is the tens digit of (3 - 2) + -4 + r?
5
Let r(z) = -z**2 + 6*z + 1. Let f be r(5). Suppose 3*w - 156 = -3*t, -2*t - 201 = -f*t + 3*w. What is the tens digit of t?
5
What is the units digit of (5/10)/((-11)/(-24486))?
3
Let a be ((-28)/3)/(2/(-3)). Let o = a - 10. What is the units digit of o?
4
Let a(t) = 11*t**3 - 2*t**2 - 10*t + 61. What is the thousands digit of a(7)?
3
Let v = 13 - 11. Let u(y) = 2*y**2 - 2 - 5*y**v + 2*y - 3*y**3 + 5*y**2. What is the tens digit of u(-2)?
2
Suppose x + 30 = 3*m + 5*x, x = -m + 9. What is the tens digit of 2*-3*(-33)/m?
3
Let i(u) = -u**2 + 12*u + 31. Let g be i(15). What is the units digit of (g/(-4))/(3/(156/2))?
1
Let v be (-61)/(-3) - (-1)/(-3). Suppose -4*g - 2*q + 175 - 119 = 0, -8 = -2*q. What is the units digit of (-1 + v/g)*69?
6
Let s(c) = -3*c**3 - 6*c**2 - 12*c - 5. Let r = 18 + -23. What is the hundreds digit of s(r)?
2
Suppose -4*u = 5*r - 0*u - 7, -14 = -2*r + 4*u. Suppose -k + 19 = 4*v + 1, -v = 5*k - 90. Suppose r = k*w - 15*w. What is the units digit of w?
1
Suppose -1989 = -5*b + 3*y - 15, -3*y = b - 384. What is the hundreds digit of b?
3
Let v(t) = 4*t**2 + 14*t - 5*t**3 + 4 + 2*t + 13*t**2 + 6*t**3. Let u be v(-16). Suppose -2*g + u = -24. What is the units digit of g?
4
Let o(g) = -32*g. Let p(c) = -21*c. Let z(v) = 5*o(v) - 8*p(v). Let j be z(-3). Let d = 29 - j. What is the units digit of d?
3
Let u = 70 - 70. Suppose u = 8*n - 712 - 408. What is the tens digit of n?
4
Suppose 5 = p - 0*p. Let q(t) = -34 + 7*t**3 - 8*t**3 + 9*t**2 + 2*t**2 - 10*t + p*t**2. What is the tens digit of q(15)?
4
Let o(y) = 6*y**2 + 21*y + 6. Let n(p) = 4*p**2 + 14*p + 4. Let f(l) = 8*n(l) - 5*o(l). Let t be f(-7). Let s = -5 + t. What is the tens digit of s?
4
Let a = 44 - 4. Let r = 3 + 1. Suppose 2*k - r = a. What is the tens digit of k?
2
Let a = 730 + 28. What is the units digit of a?
8
Suppose -5*o + 1965 = -4*o - 3*k, 0 = -5*o - 5*k + 9805. What is the hundreds digit of o?
9
Suppose 8 = 2*v - 2. Let i(r) = 15*r + 13. Let k be i(v). Suppose 2*t + 5*y = 5*t - 52, 0 = 4*t - 2*y - k. What is the tens digit of t?
2
What is the tens digit of (-2366)/(-6) - (-10)/6?
9
Suppose -o = 6 - 4. Let t be o - 0 - (-2 - 0). Suppose 5*u = -p + 18, t = -5*u + 1 + 4. What is the tens digit of p?
1
Let h(w) = 36*w + 33. Let i be h(4). Suppose -4*t - i = -3*l - 2*l, 3*t + 75 = 2*l. What is the units digit of l?
3
Let b = 3781 - 1859. What is the tens digit of b?
2
Suppose 7*b - 3*l = 5*b + 926, 0 = 2*l + 4. What is the hundreds digit of b?
4
Let f(d) = 2*d**2 - d - 8. Let j be f(8). Suppose 23*a = 27*a - j. What is the units digit of a?
8
Suppose -t = -0*i - 4*i - 144, -i + 3*t - 47 = 0. What is the tens digit of 49/(-14)*620/i?
6
Suppose 0 = 2*s + 2*s + 12. Let l(x) be the first derivative of -x**4/4 - x**3/3 + x**2/2 + 3*x + 1. What is the tens digit of l(s)?
1
Let f be 1 + (-6)/8*-4. Let w(o) = o**2 - 3*o + 1. Let u be w(f). Suppose 5*k - 2*a = 48, -u*k - 3*a + 46 = -7*a. What is the units digit of k?
0
Let b(t) = -t**3 + 10*t**2 + 2*t - 16. Let y be b(10). Suppose 5*f + 2*g + 0*g = 71, -y*f + 3*g + 43 = 0. What is the tens digit of f?
1
Let t(x) be the third derivative of 0 + 0*x - 2/3*x**3 - 1/4*x**4 + 4*x**2. What is the units digit of t(-3)?
4
Let g be (12/(-3))/(8/76). Let t = 62 + g. What is the units digit of t?
4
What is the tens digit of 317*1 + (2 - -18)/(-10)?
1
Suppose -4*m = -1 - 7. Suppose m*g + 4 = -0. What is the units digit of g + 0 + (0 - -9)?
7
Let w = -44 + 102. Let j = -20 + w. What is the tens digit of j?
3
Suppose -8*y + 32484 - 9676 = 0. What is the units digit of y?
1
Let k be ((-1 + 4)/(-1))/((-12)/(-16)). Let q(y) = 3*y**2 - 8*y - 24. What is the tens digit of q(k)?
5
Let k be 78/20 + (-1)/(-10). Suppose k*h - 11 = -3. What is the units digit of h?
2
Suppose 5*k = -4*v + 3487, k = 4*v + 1890 - 5383. What is the units digit of v?
3
What is the tens digit of 2/3 + 24896/96?
6
Suppose 0 - 10 = -5*q. Suppose 0 = -3*d - q*d + 345. Suppose 5*s - 122 = c, d = 2*s + 4*c + 7. What is the units digit of s?
5
Let p(s) = -62*s + 2021. What is the hundreds digit of p(0)?
0
Suppose 0 = -4*o + 17 + 7. Suppose 0 = -o*v + 14*v - 136. What is the tens digit of v?
1
Suppose -4*h + 12 = -4. Suppose -h*c = 4*i - 36 - 24, 5*i + c = 79. What is the units digit of i?
6
Suppose -c + 1370 - 51 = 0. What is the units digit of c?
9
Let v(a) = -a**3 - 2*a**2 + 4*a + 9. Let o be v(-5). Suppose 3*f - 4*f = -o. What is the units digit of f?
4
Let z(r) = -85*r**3 - 5*r**2 - 6*r - 3. What is the units digit of z(-2)?
9
Let b(g) = g**3 - 2*g**2 - 11*g + 9. Let q be b(4). Let y = 5 + 1. What is the units digit of y/((-1)/(4/q))?
8
Let t = 170 - 66. What is the units digit of t/10 + (-22)/55?
0
Let b(z) = z**3 + 4*z**2 - 8*z - 14. What is the hundreds digit of b(7)?
4
Suppose -3*c = -3*a + 66, 7*a = 4*a - 4*c + 52. Suppose a + 7 = w. What is the tens digit of w?
2
What is the tens digit of (-76 + 75)/((-1)/1561)?
6
Let t(f) = -f**3 + 49*f**2 + 112*f - 98. What is the hundreds digit of t(51)?
4
Suppose -57551 = 44*t - 57*t. What is the tens digit of t?
2
Suppose -28850 = -61*a + 11*a. What is the tens digit of a?
7
Let f be (8 - 5)/(6/8). Suppose f = 5*u - 4*u. Suppose 4 = u*w - 5*s - 6, 4*s = -5*w + 33. What is the units digit of w?
5
Let j(g) = -g**3 + g**2 + 5*g + 3. Let v be j(-3). Let s = -47 + v. What is the tens digit of (-2*1)/(2/s)?
2
Let c(x) = 31*x**3 + 11*x**2 - 42*x + 2. What is the tens digit of c(5)?
4
Let g(y) = 15*y. Suppose 5*m - 2*s - 36 = -6*s, 5*s = m - 13. What is the tens digit of g(m)?
2
Suppose 2689*l - 2706*l = -53839. What is the hundreds digit of l?
1
Let a = -489 - -1868. What is the thousands digit of a?
1
Let d(c) = -3*c + 2 + 44*c + 29*c. What is the tens digit of d(1)?
7
Suppose v - 68 = 110. Suppose -v + 1322 = 8*h. What is the units digit of h?
3
Suppose 4*r + 754 = 2*a, -4*r + 1171 = -0*a + 3*a. What is the units digit of a?
5
Let f(x) = -x**2 + 2*x + 5. Let o be f(4). What is the units digit of 81 - (o + 4 - -3)?
7
Let f(n) = -n**3 - 6*n**2 + 5*n - 10. Let g be f(-7). Suppose -2*x + 3*x - 3*i = -7, -4*x = -g*i - 12. What is the units digit of x?
8
Let o = -21 - -25. Let y(c) = -8*c**2 - o*c + 6 + 3*c + 5*c - c**3. What is the tens digit of y(-9)?
5
Suppose 0 = -40*k + 39*k - 5*g + 3973, 4*g + 3973 = k. What is the tens digit of